{"id":23,"date":"2026-03-30T14:54:08","date_gmt":"2026-03-30T10:54:08","guid":{"rendered":"https:\/\/manaonaa.com\/?page_id=23"},"modified":"2026-04-01T21:34:38","modified_gmt":"2026-04-01T17:34:38","slug":"accueil","status":"publish","type":"page","link":"https:\/\/manaonaa.com\/","title":{"rendered":"\ud83c\udfe0"},"content":{"rendered":"\n<div class=\"wp-block-group alignfull has-global-padding is-layout-constrained wp-container-core-group-is-layout-0c9c989a wp-block-group-is-layout-constrained\" style=\"min-height:0vh;margin-top:0;margin-bottom:0;padding-top:var(--wp--preset--spacing--70);padding-right:var(--wp--preset--spacing--40);padding-bottom:var(--wp--preset--spacing--70);padding-left:var(--wp--preset--spacing--40)\">\n<div class=\"wp-block-group has-global-padding is-layout-constrained wp-container-core-group-is-layout-346627ba wp-block-group-is-layout-constrained\">\n<h2 class=\"wp-block-heading has-text-align-center has-xx-large-font-size\" style=\"margin-right:0;margin-left:0;padding-right:0;padding-left:0\">Bienvenue, \u00e7a commence ici!<\/h2>\n\n\n\n<p class=\"has-text-align-center\">\ud83d\udcf1&nbsp;<em>Un iPad Pro de 5 ans. <\/em><br><em>Une micro-entreprise. <\/em><br><em>Un business digital qui tourne.<\/em><br>Je te montre comment faire pareil.<br><br>Tout a commenc\u00e9 d&rsquo;un constat: on veut toutes faire du business en ligne, mettre du beurre dans les \u00e9pinards de notre vie, mais pour la plupart c&rsquo;est compliqu\u00e9.<\/p>\n\n\n\n<div class=\"wp-block-buttons is-content-justification-center is-layout-flex wp-container-core-buttons-is-layout-a89b3969 wp-block-buttons-is-layout-flex\">\n<div class=\"wp-block-button is-style-fill\"><a class=\"wp-block-button__link wp-element-button\" href=\"http:\/\/manaonaa.systeme.io\">En fait&#8230; non.<\/a><\/div>\n<\/div>\n<\/div>\n<\/div>\n\n\n\n<div class=\"wp-block-group alignfull is-style-section-1 has-global-padding is-layout-constrained wp-block-group-is-layout-constrained is-style-section-1--1\" style=\"margin-top:0;margin-bottom:0;padding-top:var(--wp--preset--spacing--80);padding-bottom:var(--wp--preset--spacing--80)\">\n<div class=\"wp-block-columns alignwide is-layout-flex wp-container-core-columns-is-layout-66fad18a wp-block-columns-is-layout-flex\">\n<div class=\"wp-block-column is-layout-flow wp-block-column-is-layout-flow\" style=\"padding-right:var(--wp--preset--spacing--50);flex-basis:45%\">\n<figure class=\"wp-block-image size-full\"><img loading=\"lazy\" decoding=\"async\" width=\"2560\" height=\"2216\" src=\"http:\/\/manaonaa.com\/wp-content\/uploads\/2026\/04\/IMG_2282-scaled.jpeg\" alt=\"\" class=\"wp-image-45\" srcset=\"https:\/\/manaonaa.com\/wp-content\/uploads\/2026\/04\/IMG_2282-scaled.jpeg 2560w, https:\/\/manaonaa.com\/wp-content\/uploads\/2026\/04\/IMG_2282-300x260.jpeg 300w, https:\/\/manaonaa.com\/wp-content\/uploads\/2026\/04\/IMG_2282-1024x886.jpeg 1024w, https:\/\/manaonaa.com\/wp-content\/uploads\/2026\/04\/IMG_2282-768x665.jpeg 768w, https:\/\/manaonaa.com\/wp-content\/uploads\/2026\/04\/IMG_2282-1536x1329.jpeg 1536w, https:\/\/manaonaa.com\/wp-content\/uploads\/2026\/04\/IMG_2282-2048x1773.jpeg 2048w\" sizes=\"auto, (max-width: 2560px) 100vw, 2560px\" \/><\/figure>\n\n\n\n<div class=\"wp-block-group has-global-padding is-layout-constrained wp-block-group-is-layout-constrained\" style=\"margin-top:-12vw\">\n<figure class=\"wp-block-image alignright size-full is-resized\" style=\"margin-right:-5vw;margin-left:-5vw\"><img loading=\"lazy\" decoding=\"async\" width=\"792\" height=\"805\" src=\"https:\/\/manaonaa.com\/wp-content\/uploads\/2026\/04\/Mockupipadsystio.jpg\" alt=\"\" class=\"wp-image-48\" style=\"aspect-ratio:0.9838660578386605;width:277px;height:auto\" srcset=\"https:\/\/manaonaa.com\/wp-content\/uploads\/2026\/04\/Mockupipadsystio.jpg 792w, https:\/\/manaonaa.com\/wp-content\/uploads\/2026\/04\/Mockupipadsystio-295x300.jpg 295w, https:\/\/manaonaa.com\/wp-content\/uploads\/2026\/04\/Mockupipadsystio-768x781.jpg 768w\" sizes=\"auto, (max-width: 792px) 100vw, 792px\" \/><\/figure>\n<\/div>\n<\/div>\n\n\n\n<div class=\"wp-block-column is-vertically-aligned-center is-layout-flow wp-block-column-is-layout-flow\" style=\"padding-right:0;padding-left:0;flex-basis:50%\">\n<div class=\"wp-block-group is-vertical is-layout-flex wp-container-core-group-is-layout-fe9cc265 wp-block-group-is-layout-flex\">\n<h2 class=\"wp-block-heading is-style-text-annotation is-style-text-annotation--2\">\u00c0 propos<\/h2>\n<\/div>\n\n\n\n<p class=\"is-style-text-subtitle is-style-text-subtitle--3\">Tout ce que tu vois ici, mes produits, mes formations, mon marketing: je le cr\u00e9e depuis mon&nbsp;<strong>iPad d&rsquo;il y a 5 ans.<\/strong>&nbsp;<br><br>Pas d&rsquo;ordinateur dernier cri. <br>Pas de studio professionnel. <br><br>Juste un iPad, des applications natives, et une vraie strat\u00e9gie. <br><br>Si moi je peux le faire,&nbsp;<strong>toi aussi tu peux d\u00e9marrer un business avec ce que tu as.<\/strong><\/p>\n<\/div>\n<\/div>\n<\/div>\n\n\n\n<div class=\"wp-block-group alignfull has-global-padding is-layout-constrained wp-container-core-group-is-layout-ebee8dc1 wp-block-group-is-layout-constrained\" style=\"margin-top:0;margin-bottom:0;padding-top:var(--wp--preset--spacing--50);padding-bottom:var(--wp--preset--spacing--50)\">\n<h2 class=\"wp-block-heading alignwide\">Mes services<\/h2>\n\n\n\n<div class=\"wp-block-columns alignwide is-layout-flex wp-container-core-columns-is-layout-28f84493 wp-block-columns-is-layout-flex\">\n<div class=\"wp-block-column is-layout-flow wp-block-column-is-layout-flow\">\n<figure class=\"wp-block-image size-full\" style=\"margin-bottom:24px\"><img loading=\"lazy\" decoding=\"async\" width=\"2560\" height=\"1920\" src=\"http:\/\/manaonaa.com\/wp-content\/uploads\/2026\/04\/IMG_2291-scaled.jpeg\" alt=\"\" class=\"wp-image-52\" style=\"aspect-ratio:4\/3;object-fit:cover\" srcset=\"https:\/\/manaonaa.com\/wp-content\/uploads\/2026\/04\/IMG_2291-scaled.jpeg 2560w, https:\/\/manaonaa.com\/wp-content\/uploads\/2026\/04\/IMG_2291-300x225.jpeg 300w, https:\/\/manaonaa.com\/wp-content\/uploads\/2026\/04\/IMG_2291-1024x768.jpeg 1024w, https:\/\/manaonaa.com\/wp-content\/uploads\/2026\/04\/IMG_2291-768x576.jpeg 768w, https:\/\/manaonaa.com\/wp-content\/uploads\/2026\/04\/IMG_2291-1536x1152.jpeg 1536w, https:\/\/manaonaa.com\/wp-content\/uploads\/2026\/04\/IMG_2291-2048x1536.jpeg 2048w\" sizes=\"auto, (max-width: 2560px) 100vw, 2560px\" \/><\/figure>\n\n\n\n<h3 class=\"wp-block-heading\">Cr\u00e9er<\/h3>\n\n\n\n<p class=\"has-medium-font-size\">Des produits digitaux pens\u00e9s pour t&rsquo;accompagner : ebooks, guides pratiques, planners et agendas num\u00e9riques, con\u00e7us pour simplifier ton quotidien.<\/p>\n<\/div>\n\n\n\n<div class=\"wp-block-column is-layout-flow wp-block-column-is-layout-flow\">\n<figure class=\"wp-block-image size-full\" style=\"margin-bottom:24px\"><img loading=\"lazy\" decoding=\"async\" width=\"2560\" height=\"1920\" src=\"http:\/\/manaonaa.com\/wp-content\/uploads\/2026\/04\/IMG_2296-scaled.jpeg\" alt=\"\" class=\"wp-image-50\" style=\"aspect-ratio:4\/3;object-fit:cover\" srcset=\"https:\/\/manaonaa.com\/wp-content\/uploads\/2026\/04\/IMG_2296-scaled.jpeg 2560w, https:\/\/manaonaa.com\/wp-content\/uploads\/2026\/04\/IMG_2296-300x225.jpeg 300w, https:\/\/manaonaa.com\/wp-content\/uploads\/2026\/04\/IMG_2296-1024x768.jpeg 1024w, https:\/\/manaonaa.com\/wp-content\/uploads\/2026\/04\/IMG_2296-768x576.jpeg 768w, https:\/\/manaonaa.com\/wp-content\/uploads\/2026\/04\/IMG_2296-1536x1152.jpeg 1536w, https:\/\/manaonaa.com\/wp-content\/uploads\/2026\/04\/IMG_2296-2048x1536.jpeg 2048w\" sizes=\"auto, (max-width: 2560px) 100vw, 2560px\" \/><\/figure>\n\n\n\n<h3 class=\"wp-block-heading\">Former<\/h3>\n\n\n\n<p class=\"has-medium-font-size\">Des formations et contenus \u00e9ducatifs en ligne pour que tu ma\u00eetrises le marketing digital, les outils web et d\u00e9veloppes ton activit\u00e9 en micro-entreprise.<\/p>\n<\/div>\n\n\n\n<div class=\"wp-block-column is-layout-flow wp-block-column-is-layout-flow\">\n<figure class=\"wp-block-image size-full\" style=\"margin-bottom:24px\"><img loading=\"lazy\" decoding=\"async\" width=\"2560\" height=\"1920\" src=\"http:\/\/manaonaa.com\/wp-content\/uploads\/2026\/04\/IMG_2302-scaled.jpeg\" alt=\"\" class=\"wp-image-53\" style=\"aspect-ratio:4\/3;object-fit:cover\" srcset=\"https:\/\/manaonaa.com\/wp-content\/uploads\/2026\/04\/IMG_2302-scaled.jpeg 2560w, https:\/\/manaonaa.com\/wp-content\/uploads\/2026\/04\/IMG_2302-300x225.jpeg 300w, https:\/\/manaonaa.com\/wp-content\/uploads\/2026\/04\/IMG_2302-1024x768.jpeg 1024w, https:\/\/manaonaa.com\/wp-content\/uploads\/2026\/04\/IMG_2302-768x576.jpeg 768w, https:\/\/manaonaa.com\/wp-content\/uploads\/2026\/04\/IMG_2302-1536x1152.jpeg 1536w, https:\/\/manaonaa.com\/wp-content\/uploads\/2026\/04\/IMG_2302-2048x1536.jpeg 2048w\" sizes=\"auto, (max-width: 2560px) 100vw, 2560px\" \/><\/figure>\n\n\n\n<h3 class=\"wp-block-heading\">Recommander<\/h3>\n\n\n\n<p class=\"has-medium-font-size\">Une s\u00e9lection rigoureuse de produits et services num\u00e9riques via l&rsquo;affiliation, pour t&rsquo;orienter vers les meilleurs outils du march\u00e9 digital.<\/p>\n<\/div>\n<\/div>\n<\/div>\n\n\n\n<div class=\"wp-block-group alignfull has-global-padding is-layout-constrained wp-block-group-is-layout-constrained\" style=\"margin-top:0;margin-bottom:0;padding-top:var(--wp--preset--spacing--60);padding-bottom:var(--wp--preset--spacing--60)\">\n<div class=\"wp-block-columns alignwide is-layout-flex wp-container-core-columns-is-layout-74b2cda3 wp-block-columns-is-layout-flex\">\n<div class=\"wp-block-column is-layout-flow wp-block-column-is-layout-flow\">\n<div class=\"wp-block-group is-vertical is-content-justification-left is-layout-flex wp-container-core-group-is-layout-7ce391b6 wp-block-group-is-layout-flex\" style=\"min-height:100%\">\n<h2 class=\"wp-block-heading is-style-text-annotation has-x-small-font-size is-style-text-annotation--4\">T\u00e9moignages<\/h2>\n\n\n\n<blockquote class=\"wp-block-quote is-style-plain has-x-large-font-size is-layout-flow wp-container-core-quote-is-layout-5dafc681 wp-block-quote-is-layout-flow is-style-plain--5\" style=\"font-style:normal;font-weight:400\">\n<div class=\"wp-block-group has-global-padding is-content-justification-left is-layout-constrained wp-container-core-group-is-layout-085bd3d9 wp-block-group-is-layout-constrained\" style=\"margin-top:0;margin-bottom:0;padding-top:0;padding-right:0;padding-bottom:0;padding-left:0\">\n<p class=\"has-xx-large-font-size\">\u00ab\u00a0LE Business accessible, c&rsquo;est simple en fait!\u00bb<\/p>\n<\/div>\n<cite>Matheo CL <br>Saint-Andr\u00e9, R\u00e9union<\/cite><\/blockquote>\n<\/div>\n<\/div>\n\n\n\n<div class=\"wp-block-column is-layout-flow wp-block-column-is-layout-flow\" style=\"padding-top:0;padding-right:0;padding-bottom:0;padding-left:0\">\n<figure class=\"wp-block-image size-large\"><img decoding=\"async\" src=\"https:\/\/manaonaa.com\/wp-content\/themes\/twentytwentyfive\/assets\/images\/typewriter.webp\" alt=\"Image d\u2019une personne tapant sur une machine \u00e0 \u00e9crire.\" style=\"aspect-ratio:1;object-fit:cover\"\/><\/figure>\n<\/div>\n<\/div>\n<\/div>\n\n\n\n<div class=\"wp-block-group alignfull has-global-padding is-layout-constrained wp-block-group-is-layout-constrained\" style=\"margin-top:0;margin-bottom:0;padding-top:var(--wp--preset--spacing--60);padding-bottom:var(--wp--preset--spacing--60)\">\n<h2 class=\"wp-block-heading alignwide has-text-align-center\">Mes ressources<\/h2>\n\n\n\n<p class=\"has-text-align-center\">Des produits digitaux accessibles, pens\u00e9s pour toi<\/p>\n\n\n\n<div style=\"height:var(--wp--preset--spacing--40)\" aria-hidden=\"true\" class=\"wp-block-spacer\"><\/div>\n\n\n\n<div class=\"wp-block-columns alignwide is-layout-flex wp-container-core-columns-is-layout-1d9f35bd wp-block-columns-is-layout-flex\">\n<div class=\"wp-block-column has-border-color is-layout-flow wp-block-column-is-layout-flow\" style=\"border-color:var(--wp--preset--color--accent-6);border-width:1px;border-radius:10px;padding-top:var(--wp--preset--spacing--50);padding-right:var(--wp--preset--spacing--50);padding-bottom:var(--wp--preset--spacing--50);padding-left:var(--wp--preset--spacing--50)\">\n<h3 class=\"wp-block-heading\" id=\"free\">Gratuit<\/h3>\n\n\n\n<p class=\"has-large-font-size\">0&nbsp;\u20ac<\/p>\n\n\n\n<p><br>\u2713 Acc\u00e8s \u00e0 mes articles et conseils en ligne<br> <br>\u2713 Re\u00e7ois ma newsletter avec des tips marketing<br> <br>\u2713 Des ressources digitales gratuites \u00e0 t\u00e9l\u00e9charger<br> <br>\u2713 Des astuces pour booster ton activit\u00e9 en ligne<br> <br>\u2713 Acc\u00e8s \u00e0 mes recommandations d&rsquo;outils gratuits<\/p>\n\n\n\n<div class=\"wp-block-buttons is-content-justification-center is-layout-flex wp-container-core-buttons-is-layout-a89b3969 wp-block-buttons-is-layout-flex\">\n<div class=\"wp-block-button has-custom-width wp-block-button__width-100\"><a class=\"wp-block-button__link wp-element-button\" href=\"http:\/\/manaonaa.systeme.io\">Rejoindre<\/a><\/div>\n<\/div>\n<\/div>\n\n\n\n<div class=\"wp-block-column has-border-color is-layout-flow wp-block-column-is-layout-flow\" style=\"border-color:var(--wp--preset--color--accent-6);border-width:1px;border-radius:10px;padding-top:var(--wp--preset--spacing--50);padding-right:var(--wp--preset--spacing--50);padding-bottom:var(--wp--preset--spacing--50);padding-left:var(--wp--preset--spacing--50)\">\n<h3 class=\"wp-block-heading\" id=\"single\">Mes produits<\/h3>\n\n\n\n<p class=\"has-large-font-size\">\u00c0 partir de 7 \u20ac<\/p>\n\n\n\n<p><br>\u2713 Ebooks et guides pratiques en t\u00e9l\u00e9chargement imm\u00e9diat <br><br>\u2713 Planners et agendas num\u00e9riques pour t&rsquo;organiser <br><br>\u2713 Supports p\u00e9dagogiques pour apprendre \u00e0 ton rythme <br><br>\u2713 Formations en ligne pour d\u00e9velopper ton business <br><br>\u2713 Acc\u00e8s \u00e0 vie \u00e0 tes achats<\/p>\n\n\n\n<div class=\"wp-block-buttons is-content-justification-center is-layout-flex wp-container-core-buttons-is-layout-a89b3969 wp-block-buttons-is-layout-flex\">\n<div class=\"wp-block-button has-custom-width wp-block-button__width-100\"><a class=\"wp-block-button__link wp-element-button\" href=\"http:\/\/manaonaa.systeme.io\">Rejoindre<\/a><\/div>\n<\/div>\n<\/div>\n<\/div>\n<\/div>\n\n\n\n<aside class=\"wp-block-group alignfull is-style-section-3 has-global-padding is-layout-constrained wp-container-core-group-is-layout-f0f2a97b wp-block-group-is-layout-constrained is-style-section-3--6\" style=\"margin-top:0;margin-bottom:0;padding-top:var(--wp--preset--spacing--50);padding-right:var(--wp--preset--spacing--50);padding-bottom:var(--wp--preset--spacing--50);padding-left:var(--wp--preset--spacing--50)\">\n<div class=\"wp-block-group is-vertical is-content-justification-center is-layout-flex wp-container-core-group-is-layout-8778ca4a wp-block-group-is-layout-flex\" style=\"min-height:360px;margin-top:0;margin-bottom:0\">\n<h2 class=\"wp-block-heading has-text-align-center has-xx-large-font-size\">Newsletter<\/h2>\n\n\n\n<p class=\"has-text-align-center is-style-text-subtitle is-style-text-subtitle--7\">Re\u00e7ois du concret pour ton business digital<\/p>\n\n\n\n<div style=\"height:0px\" aria-hidden=\"true\" class=\"wp-block-spacer wp-container-content-62aae154\"><\/div>\n\n\n\n<div class=\"wp-block-buttons is-content-justification-center is-layout-flex wp-container-core-buttons-is-layout-a89b3969 wp-block-buttons-is-layout-flex\">\n<div class=\"wp-block-button\"><a class=\"wp-block-button__link has-text-align-center wp-element-button\" href=\"http:\/\/manaonaa.systeme.io\" target=\"_blank\" rel=\"noreferrer noopener\">Je m&rsquo;abonne!<\/a><\/div>\n<\/div>\n<\/div>\n\n\n\n<p><\/p>\n<\/aside>\n\n\n\n<p><\/p>\n","protected":false},"excerpt":{"rendered":"<p>Bienvenue, \u00e7a commence ici! \ud83d\udcf1&nbsp;Un iPad Pro de 5 ans. Une micro-entreprise. Un business digital qui tourne.Je te montre comment faire pareil. Tout a commenc\u00e9 d&rsquo;un constat: on veut toutes faire du business en ligne, mettre du beurre dans les \u00e9pinards de notre vie, mais pour la plupart c&rsquo;est compliqu\u00e9. \u00c0 propos Tout ce que [&hellip;]<\/p>\n","protected":false},"author":1,"featured_media":0,"parent":0,"menu_order":0,"comment_status":"closed","ping_status":"closed","template":"","meta":{"footnotes":""},"class_list":["post-23","page","type-page","status-publish","hentry"],"_links":{"self":[{"href":"https:\/\/manaonaa.com\/index.php\/wp-json\/wp\/v2\/pages\/23","targetHints":{"allow":["GET"]}}],"collection":[{"href":"https:\/\/manaonaa.com\/index.php\/wp-json\/wp\/v2\/pages"}],"about":[{"href":"https:\/\/manaonaa.com\/index.php\/wp-json\/wp\/v2\/types\/page"}],"author":[{"embeddable":true,"href":"https:\/\/manaonaa.com\/index.php\/wp-json\/wp\/v2\/users\/1"}],"replies":[{"embeddable":true,"href":"https:\/\/manaonaa.com\/index.php\/wp-json\/wp\/v2\/comments?post=23"}],"version-history":[{"count":15,"href":"https:\/\/manaonaa.com\/index.php\/wp-json\/wp\/v2\/pages\/23\/revisions"}],"predecessor-version":[{"id":56,"href":"https:\/\/manaonaa.com\/index.php\/wp-json\/wp\/v2\/pages\/23\/revisions\/56"}],"wp:attachment":[{"href":"https:\/\/manaonaa.com\/index.php\/wp-json\/wp\/v2\/media?parent=23"}],"curies":[{"name":"wp","href":"https:\/\/api.w.org\/{rel}","templated":true}]}}